{"id":269,"date":"2021-03-10T12:48:35","date_gmt":"2021-03-10T12:48:35","guid":{"rendered":"https:\/\/dev.burpellet.com\/?page_id=269"},"modified":"2022-09-12T14:15:43","modified_gmt":"2022-09-12T14:15:43","slug":"certificados","status":"publish","type":"page","link":"https:\/\/dev.burpellet.com\/index.php\/certificados\/","title":{"rendered":"certificados"},"content":{"rendered":"<p>[et_pb_section fb_built=\u00bb1&#8243; fullwidth=\u00bbon\u00bb admin_label=\u00bbPage Header\u00bb _builder_version=\u00bb4.8.1&#8243; background_enable_color=\u00bboff\u00bb background_image=\u00bbhttps:\/\/dev.burpellet.com\/wp-content\/uploads\/2021\/03\/cabcera-certificados.png\u00bb background_position=\u00bbbottom_right\u00bb animation_direction=\u00bbtop\u00bb][et_pb_fullwidth_header title=\u00bbCertificados\u00bb subhead=\u00bbcalidad y compromiso con el medio ambiente.\u00bb text_orientation=\u00bbcenter\u00bb admin_label=\u00bbHero Section\u00bb _builder_version=\u00bb4.8.1&#8243; title_level=\u00bbh2&#8243; title_font=\u00bbMontserrat|500|||||||\u00bb title_text_align=\u00bbleft\u00bb title_text_color=\u00bb#FFFFFF\u00bb title_font_size=\u00bb60px\u00bb title_line_height=\u00bb1.4em\u00bb content_font_size=\u00bb22px\u00bb content_line_height=\u00bb1.8em\u00bb subhead_font=\u00bb||||\u00bb subhead_text_align=\u00bbleft\u00bb subhead_text_color=\u00bb#FFFFFF\u00bb subhead_font_size=\u00bb24px\u00bb background_enable_color=\u00bboff\u00bb background_size=\u00bbinitial\u00bb background_position=\u00bbtop_left\u00bb background_repeat=\u00bbrepeat\u00bb custom_button_one=\u00bbon\u00bb button_one_text_size=\u00bb16px\u00bb button_one_bg_color=\u00bb#6eba01&#8243; button_one_border_width=\u00bb2px\u00bb button_one_border_color=\u00bb#6eba01&#8243; button_one_border_radius=\u00bb0&#8243; button_one_letter_spacing=\u00bb2&#8243; button_one_font=\u00bbMontserrat|||on|\u00bb button_one_use_icon=\u00bboff\u00bb custom_button_two=\u00bbon\u00bb button_two_text_size=\u00bb16px\u00bb button_two_border_width=\u00bb2px\u00bb button_two_border_color=\u00bb#ffffff\u00bb button_two_border_radius=\u00bb0&#8243; button_two_letter_spacing=\u00bb2&#8243; button_two_font=\u00bbMontserrat|||on|\u00bb button_two_use_icon=\u00bboff\u00bb module_alignment=\u00bbleft\u00bb animation_style=\u00bbfade\u00bb button_one_text_color_hover=\u00bb#6eba01&#8243; button_two_text_color_hover=\u00bb#6eba01&#8243; button_one_border_color_hover=\u00bb#ffffff\u00bb button_two_border_color_hover=\u00bb#ffffff\u00bb button_one_border_radius_hover=\u00bb0&#8243; button_two_border_radius_hover=\u00bb0&#8243; button_one_letter_spacing_hover=\u00bb2&#8243; button_two_letter_spacing_hover=\u00bb2&#8243; button_one_bg_color_hover=\u00bb#ffffff\u00bb button_two_bg_color_hover=\u00bb#ffffff\u00bb button_one_text_size__hover_enabled=\u00bboff\u00bb button_two_text_size__hover_enabled=\u00bboff\u00bb button_one_text_color__hover_enabled=\u00bbon\u00bb button_one_text_color__hover=\u00bb#6eba01&#8243; button_two_text_color__hover_enabled=\u00bbon\u00bb button_two_text_color__hover=\u00bb#6eba01&#8243; button_one_border_width__hover_enabled=\u00bboff\u00bb button_two_border_width__hover_enabled=\u00bboff\u00bb button_one_border_color__hover_enabled=\u00bbon\u00bb button_one_border_color__hover=\u00bb#ffffff\u00bb button_two_border_color__hover_enabled=\u00bbon\u00bb button_two_border_color__hover=\u00bb#ffffff\u00bb button_one_border_radius__hover_enabled=\u00bbon\u00bb button_one_border_radius__hover=\u00bb0&#8243; button_two_border_radius__hover_enabled=\u00bbon\u00bb button_two_border_radius__hover=\u00bb0&#8243; button_one_letter_spacing__hover_enabled=\u00bbon\u00bb button_one_letter_spacing__hover=\u00bb2&#8243; button_two_letter_spacing__hover_enabled=\u00bbon\u00bb button_two_letter_spacing__hover=\u00bb2&#8243; button_one_bg_color__hover_enabled=\u00bbon\u00bb button_one_bg_color__hover=\u00bb#ffffff\u00bb button_two_bg_color__hover_enabled=\u00bbon\u00bb button_two_bg_color__hover=\u00bb#ffffff\u00bb][\/et_pb_fullwidth_header][\/et_pb_section][et_pb_section fb_built=\u00bb1&#8243; admin_label=\u00bbhijos\u00bb _builder_version=\u00bb4.8.1&#8243; background_enable_color=\u00bboff\u00bb background_image=\u00bbhttps:\/\/dev.burpellet.com\/wp-content\/uploads\/2021\/03\/materias-1.png\u00bb][et_pb_row column_structure=\u00bb2_3,1_3&#8243; module_id=\u00bbsomos\u00bb _builder_version=\u00bb4.8.1&#8243; background_size=\u00bbinitial\u00bb background_position=\u00bbtop_left\u00bb background_repeat=\u00bbrepeat\u00bb][et_pb_column type=\u00bb2_3&#8243; _builder_version=\u00bb3.25&#8243; custom_padding=\u00bb|||\u00bb custom_padding__hover=\u00bb|||\u00bb][et_pb_text module_id=\u00bbhistoriaSomos\u00bb _builder_version=\u00bb4.8.1&#8243; _module_preset=\u00bbdefault\u00bb text_text_color=\u00bb#727272&#8243;]<\/p>\n<p><strong>Hijos de Tom\u00e1s Mart\u00edn, S.L. y su marca comercial Burpellet<\/strong> se comprometen a la mejora continua de todas sus actividades para asegurar una buena calidad del servicio y un respeto al medio ambiente.<\/p>\n<p>Para la consecuci\u00f3n de dicho fin, se compromete a una pol\u00edtica de calidad y medio ambiente que afecta y es responsabilidad de cada una de las personas que componen la empresa y que se basa en el cumplimiento de los siguientes principios:<\/p>\n<p>[\/et_pb_text][\/et_pb_column][et_pb_column type=\u00bb1_3&#8243; _builder_version=\u00bb3.25&#8243; custom_padding=\u00bb|||\u00bb custom_padding__hover=\u00bb|||\u00bb][et_pb_image src=\u00bbhttps:\/\/dev.burpellet.com\/wp-content\/uploads\/2021\/03\/compromiso-min-scaled.jpg\u00bb title_text=\u00bbcompromiso-min\u00bb _builder_version=\u00bb4.8.1&#8243; _module_preset=\u00bbdefault\u00bb][\/et_pb_image][\/et_pb_column][\/et_pb_row][\/et_pb_section][et_pb_section fb_built=\u00bb1&#8243; admin_label=\u00bbprincipios\u00bb module_id=\u00bbprincipios\u00bb _builder_version=\u00bb4.8.1&#8243; background_color=\u00bb#57aa51&#8243; background_enable_image=\u00bboff\u00bb parallax=\u00bbon\u00bb custom_padding=\u00bb90px||90px|\u00bb saved_tabs=\u00bball\u00bb][et_pb_row column_structure=\u00bb1_4,1_4,1_4,1_4&#8243; _builder_version=\u00bb4.8.1&#8243; _module_preset=\u00bbdefault\u00bb][et_pb_column type=\u00bb1_4&#8243; _builder_version=\u00bb4.8.1&#8243; _module_preset=\u00bbdefault\u00bb][et_pb_text admin_label=\u00bbTexto\u00bb module_class=\u00bbcuadro\u00bb _builder_version=\u00bb4.8.1&#8243; _module_preset=\u00bbdefault\u00bb]<\/p>\n<div class=\"icono\"><i class=\"fa fa-smile\"><\/i><\/div>\n<p>La satisfacci\u00f3n y fidelidad de nuestros clientes.<\/p>\n<p>[\/et_pb_text][\/et_pb_column][et_pb_column type=\u00bb1_4&#8243; _builder_version=\u00bb4.8.1&#8243; _module_preset=\u00bbdefault\u00bb][et_pb_text admin_label=\u00bbTexto\u00bb module_class=\u00bbcuadro\u00bb _builder_version=\u00bb4.8.1&#8243; _module_preset=\u00bbdefault\u00bb]<\/p>\n<div class=\"icono\"><i class=\"fa fa-star\"><\/i><\/div>\n<p>Una mejora continua de los servicios y procesos a trav\u00e9s del establecimiento de unos objetivos y metas.\n<\/p>\n<p>[\/et_pb_text][\/et_pb_column][et_pb_column type=\u00bb1_4&#8243; _builder_version=\u00bb4.8.1&#8243; _module_preset=\u00bbdefault\u00bb][et_pb_text admin_label=\u00bbTexto\u00bb module_class=\u00bbcuadro\u00bb _builder_version=\u00bb4.8.1&#8243; _module_preset=\u00bbdefault\u00bb]<\/p>\n<div class=\"icono\"><i class=\"fa fa-group\"><\/i><\/div>\n<p>Una buena gesti\u00f3n de los recursos humanos y materiales para un servicio de calidad y que garantice la prevenci\u00f3n de la contaminaci\u00f3n.<\/p>\n<p>[\/et_pb_text][\/et_pb_column][et_pb_column type=\u00bb1_4&#8243; _builder_version=\u00bb4.8.1&#8243; _module_preset=\u00bbdefault\u00bb][et_pb_text admin_label=\u00bbTexto\u00bb module_class=\u00bbcuadro\u00bb _builder_version=\u00bb4.8.1&#8243; _module_preset=\u00bbdefault\u00bb]<\/p>\n<div class=\"icono\"><i class=\"fa fa-gavel\"><\/i><\/div>\n<p>Cumplimiento de todos los requisitos legales ambientales establecidos y otros requisitos.\n<\/p>\n<p>[\/et_pb_text][\/et_pb_column][\/et_pb_row][\/et_pb_section][et_pb_section fb_built=\u00bb1&#8243; admin_label=\u00bbcertificados\u00bb module_id=\u00bbcertificados\u00bb _builder_version=\u00bb4.8.1&#8243; _module_preset=\u00bbdefault\u00bb background_image=\u00bbhttps:\/\/dev.burpellet.com\/wp-content\/uploads\/2021\/03\/materias-1.png\u00bb animation_style=\u00bbslide\u00bb animation_duration=\u00bb1300ms\u00bb][et_pb_row _builder_version=\u00bb4.8.1&#8243; _module_preset=\u00bbdefault\u00bb][et_pb_column type=\u00bb4_4&#8243; _builder_version=\u00bb4.8.1&#8243; _module_preset=\u00bbdefault\u00bb][et_pb_text _builder_version=\u00bb4.8.1&#8243; _module_preset=\u00bbdefault\u00bb]<\/p>\n<h2 style=\"text-align: center;\">ENPLUS A1<\/h2>\n<p>[\/et_pb_text][\/et_pb_column][\/et_pb_row][et_pb_row column_structure=\u00bb1_3,2_3&#8243; _builder_version=\u00bb4.8.1&#8243; _module_preset=\u00bbdefault\u00bb][et_pb_column type=\u00bb1_3&#8243; _builder_version=\u00bb4.8.1&#8243; _module_preset=\u00bbdefault\u00bb][et_pb_image src=\u00bbhttps:\/\/dev.burpellet.com\/wp-content\/uploads\/2021\/03\/enplussmall.png\u00bb alt=\u00bbenplusmall\u00bb title_text=\u00bbenplussmall\u00bb module_class=\u00bbimagenCertificados enplus\u00bb _builder_version=\u00bb4.8.1&#8243; _module_preset=\u00bbdefault\u00bb][\/et_pb_image][\/et_pb_column][et_pb_column type=\u00bb2_3&#8243; _builder_version=\u00bb4.8.1&#8243; _module_preset=\u00bbdefault\u00bb][et_pb_text _builder_version=\u00bb4.8.1&#8243; _module_preset=\u00bbdefault\u00bb hover_enabled=\u00bb0&#8243; sticky_enabled=\u00bb0&#8243;]<\/p>\n<p style=\"text-align: left;\"><strong>Hijos de Tom\u00e1s Mart\u00edn, S.L. es titular del Certificado ENPLUS\u00ae A1<\/strong> concedido por la Asociaci\u00f3n Espa\u00f1ola de Normalizaci\u00f3n y Certificaci\u00f3n (AENOR).<\/p>\n<p>Hijos de Tom\u00e1s Mart\u00edn, S.L. habiendo cumplido con el Manual para la certificaci\u00f3n de pellets de madera para usos t\u00e9rmicos, del Consejo Europeo de pellet para las actividades de producci\u00f3n de pellets ENPLUS\u00ae A1 en sacos de 15kg, a granel y bigbags y siendo la entidad responsable del sistema de certificaci\u00f3n AVEBIOM (Asociaci\u00f3n Espa\u00f1ola de Valorizaci\u00f3n Energ\u00e9tica de la Biomasa), est\u00e1 registrada con el n\u00famero ES005.<\/p>\n<p>El esquema ENplus establece unos requisitos que permitan asegurar un <strong>nivel constante de alta calidad de los pellets<\/strong>, as\u00ed como en su proceso de producci\u00f3n y log\u00edstica. De esta forma pretende asegurarse que los pellets tienen una calidad definida y consistente para usos t\u00e9rmicos.<\/p>\n<p><a href=\"\/wp-content\/uploads\/2022\/09\/ENPLUS-2022.pdf\" target=\"_blank\" rel=\"noopener\">Descargar Certificado ENPLUS A1<\/a><br \/>\n<a href=\"\/wp-content\/uploads\/2021\/03\/Declaracion_compromiso.pdf\" target=\"_blank\" rel=\"noopener\">Descargar Declaraci\u00f3n de compromiso de producci\u00f3n de pellets sostenible 2013<\/a><br \/>\n<a href=\"\/wp-content\/uploads\/2022\/09\/EUROFINS-2022.pdf\" target=\"_blank\" rel=\"noopener\"> Descargar Eurofins Junio 2022<\/a>[\/et_pb_text][\/et_pb_column][\/et_pb_row][et_pb_row _builder_version=\u00bb4.8.1&#8243; _module_preset=\u00bbdefault\u00bb][et_pb_column type=\u00bb4_4&#8243; _builder_version=\u00bb4.8.1&#8243; _module_preset=\u00bbdefault\u00bb][et_pb_text _builder_version=\u00bb4.8.1&#8243; _module_preset=\u00bbdefault\u00bb]<\/p>\n<h2 style=\"text-align: center;\">DINPLUS A1<\/h2>\n<p>[\/et_pb_text][\/et_pb_column][\/et_pb_row][et_pb_row column_structure=\u00bb1_3,2_3&#8243; _builder_version=\u00bb4.8.1&#8243; _module_preset=\u00bbdefault\u00bb][et_pb_column type=\u00bb1_3&#8243; _builder_version=\u00bb4.8.1&#8243; _module_preset=\u00bbdefault\u00bb][et_pb_image src=\u00bbhttps:\/\/dev.burpellet.com\/wp-content\/uploads\/2021\/03\/dinplus-nuevo.png\u00bb alt=\u00bbdinplus-nuevo\u00bb title_text=\u00bbdinplus-nuevo\u00bb module_class=\u00bbimagenCertificados\u00bb _builder_version=\u00bb4.8.1&#8243; _module_preset=\u00bbdefault\u00bb][\/et_pb_image][\/et_pb_column][et_pb_column type=\u00bb2_3&#8243; _builder_version=\u00bb4.8.1&#8243; _module_preset=\u00bbdefault\u00bb][et_pb_text _builder_version=\u00bb4.8.1&#8243; _module_preset=\u00bbdefault\u00bb]<\/p>\n<p>En un mundo globalizado, el reconocimiento de calidad de nuestro producto a nivel internacional es primordial. Por ello desde Septiembre de 2017, Hijos de Tom\u00e1s Mart\u00edn, S.L. es la primera empresa en Castilla y L\u00e9on en contar con la doble certificaci\u00f3n de calidad ENPLUS\u00ae A1 y DIN PLUS.Todos los esfuerzos de nuestro equipo han sido recompensados con la obtenci\u00f3n del Certificado de calidad DIN Plus que garantiza que nuestro pellet cumple con los requisitos m\u00e1s exigentes de calidad a nivel europeo.<\/p>\n<p><a href=\"https:\/\/dev.burpellet.com\/wp-content\/uploads\/2021\/03\/dinplus_en.pdf\" target=\"_blank\" rel=\"noopener\"> Descargar Certificado DINPLUS A1 (Ingl\u00e9s)<\/a><\/p>\n<p><a href=\"https:\/\/dev.burpellet.com\/wp-content\/uploads\/2021\/03\/dinplus_de.pdf\" target=\"_blank\" rel=\"noopener\">Descargar Certificado DINPLUS A1 (Alem\u00e1n) <\/a><\/p>\n<p>[\/et_pb_text][\/et_pb_column][\/et_pb_row][et_pb_row _builder_version=\u00bb4.8.1&#8243; _module_preset=\u00bbdefault\u00bb][et_pb_column type=\u00bb4_4&#8243; _builder_version=\u00bb4.8.1&#8243; _module_preset=\u00bbdefault\u00bb][et_pb_text _builder_version=\u00bb4.8.1&#8243; _module_preset=\u00bbdefault\u00bb]<\/p>\n<h2 style=\"text-align: center;\">Sistema de Cadena de Custodia PEFC<\/h2>\n<p>[\/et_pb_text][\/et_pb_column][\/et_pb_row][et_pb_row column_structure=\u00bb1_3,2_3&#8243; _builder_version=\u00bb4.8.1&#8243; _module_preset=\u00bbdefault\u00bb][et_pb_column type=\u00bb1_3&#8243; _builder_version=\u00bb4.8.1&#8243; _module_preset=\u00bbdefault\u00bb][et_pb_image src=\u00bbhttps:\/\/dev.burpellet.com\/wp-content\/uploads\/2022\/08\/pefc-label-pefc14-35-00601.png\u00bb alt=\u00bbpefcsmall\u00bb title_text=\u00bbpefc-label-pefc14-35-00601&#8243; admin_label=\u00bbImagen\u00bb module_class=\u00bbimagenCertificados pefc\u00bb _builder_version=\u00bb4.8.1&#8243; _module_preset=\u00bbdefault\u00bb][\/et_pb_image][\/et_pb_column][et_pb_column type=\u00bb2_3&#8243; _builder_version=\u00bb4.8.1&#8243; _module_preset=\u00bbdefault\u00bb][et_pb_text _builder_version=\u00bb4.8.1&#8243; _module_preset=\u00bbdefault\u00bb]<span>Dentro de los valores de Hijos de Tom\u00e1s Mart\u00edn, S.L. se encuentra la\u00a0<\/span><strong>satisfacci\u00f3n del cliente y la protecci\u00f3n del medio ambiente<\/strong><span>.<\/span><\/p>\n<p><span>Teniendo en cuenta la importancia de la materia prima empleada en su proceso productivo, ha considerado la necesidad de desarrollar e implantar un Sistema de Cadena de Custodia, que asegure que\u00a0<\/span><strong>la madera utilizada proviene de bosques con gesti\u00f3n forestal sostenible<\/strong><span>\u00a0y lleguen al consumidor siguiente sin perder la trazabilidad.<\/span><\/p>\n<p><span>Con fecha 22 de julio de 2022, la Asociaci\u00f3n para la Certificaci\u00f3n Forestal Espa\u00f1ola, PEFC- Espa\u00f1a, concede el derecho de uso de la marca PEFC\u00ae n\u00ba AEN-PEFC-COC-0031 a Hijos de Tom\u00e1s Mart\u00edn, S.L., certificado multisite de la Cadena de Custodia PEFC de fecha para las instalaciones de Do\u00f1a Santos y Huerta de Rey (explotaci\u00f3n forestal y producci\u00f3n de pellets de madera).<\/span><\/p>\n<p><span>El\u00a0<\/span><strong>Certificado PEFC<\/strong><span>\u00a0proporciona informaci\u00f3n relacionada con la procedencia del\u00a0<\/span><strong>producto forestal de bosques gestionados de forma sostenible y de otras fuentes no conflictivas<\/strong><span>.<\/span><\/p>\n<p><a href=\"https:\/\/dev.burpellet.com\/wp-content\/uploads\/2022\/08\/AEN-PEFC-COC-0031_Castellano.pdf\" target=\"blank\" rel=\"noopener\"> Descargar Certificado PEFC<br \/>\n<\/a><\/p>\n<p>&nbsp;[\/et_pb_text][\/et_pb_column][\/et_pb_row][\/et_pb_section]<\/p>\n","protected":false},"excerpt":{"rendered":"<p>[et_pb_section fb_built=\u00bb1&#8243; fullwidth=\u00bbon\u00bb admin_label=\u00bbPage Header\u00bb _builder_version=\u00bb4.8.1&#8243; background_enable_color=\u00bboff\u00bb background_image=\u00bbhttps:\/\/dev.burpellet.com\/wp-content\/uploads\/2021\/03\/cabcera-certificados.png\u00bb background_position=\u00bbbottom_right\u00bb animation_direction=\u00bbtop\u00bb][et_pb_fullwidth_header title=\u00bbCertificados\u00bb subhead=\u00bbcalidad y compromiso con el medio ambiente.\u00bb text_orientation=\u00bbcenter\u00bb admin_label=\u00bbHero Section\u00bb _builder_version=\u00bb4.8.1&#8243; title_level=\u00bbh2&#8243; title_font=\u00bbMontserrat|500|||||||\u00bb title_text_align=\u00bbleft\u00bb title_text_color=\u00bb#FFFFFF\u00bb title_font_size=\u00bb60px\u00bb title_line_height=\u00bb1.4em\u00bb content_font_size=\u00bb22px\u00bb content_line_height=\u00bb1.8em\u00bb subhead_font=\u00bb||||\u00bb subhead_text_align=\u00bbleft\u00bb subhead_text_color=\u00bb#FFFFFF\u00bb subhead_font_size=\u00bb24px\u00bb background_enable_color=\u00bboff\u00bb background_size=\u00bbinitial\u00bb background_position=\u00bbtop_left\u00bb background_repeat=\u00bbrepeat\u00bb custom_button_one=\u00bbon\u00bb button_one_text_size=\u00bb16px\u00bb button_one_bg_color=\u00bb#6eba01&#8243; button_one_border_width=\u00bb2px\u00bb button_one_border_color=\u00bb#6eba01&#8243; button_one_border_radius=\u00bb0&#8243; button_one_letter_spacing=\u00bb2&#8243; button_one_font=\u00bbMontserrat|||on|\u00bb button_one_use_icon=\u00bboff\u00bb custom_button_two=\u00bbon\u00bb button_two_text_size=\u00bb16px\u00bb button_two_border_width=\u00bb2px\u00bb button_two_border_color=\u00bb#ffffff\u00bb button_two_border_radius=\u00bb0&#8243; button_two_letter_spacing=\u00bb2&#8243; button_two_font=\u00bbMontserrat|||on|\u00bb button_two_use_icon=\u00bboff\u00bb [&hellip;]<\/p>\n","protected":false},"author":2,"featured_media":0,"parent":0,"menu_order":0,"comment_status":"closed","ping_status":"closed","template":"","meta":{"_et_pb_use_builder":"on","_et_pb_old_content":"","_et_gb_content_width":"","footnotes":""},"class_list":["post-269","page","type-page","status-publish","hentry"],"yoast_head":"<!-- This site is optimized with the Yoast SEO plugin v15.9.2 - https:\/\/yoast.com\/wordpress\/plugins\/seo\/ -->\n<title>certificados - Burpellet<\/title>\n<meta name=\"description\" content=\"Aseguramos una buena calidad de servicio. Hijos de Tom\u00e1s Mart\u00edn, S.L. y su marca comercial Burpellet se comprometen a la mejora continua...\" \/>\n<link rel=\"canonical\" href=\"https:\/\/dev.burpellet.com\/index.php\/certificados\/\" \/>\n<meta property=\"og:locale\" content=\"es_ES\" \/>\n<meta property=\"og:type\" content=\"article\" \/>\n<meta property=\"og:title\" content=\"certificados - Burpellet\" \/>\n<meta property=\"og:description\" content=\"Aseguramos una buena calidad de servicio. Hijos de Tom\u00e1s Mart\u00edn, S.L. y su marca comercial Burpellet se comprometen a la mejora continua...\" \/>\n<meta property=\"og:url\" content=\"https:\/\/dev.burpellet.com\/index.php\/certificados\/\" \/>\n<meta property=\"og:site_name\" content=\"Burpellet\" \/>\n<meta property=\"article:modified_time\" content=\"2022-09-12T14:15:43+00:00\" \/>\n<meta name=\"twitter:card\" content=\"summary_large_image\" \/>\n<meta name=\"twitter:label1\" content=\"Tiempo de lectura\">\n\t<meta name=\"twitter:data1\" content=\"4 minutos\">\n<script type=\"application\/ld+json\" class=\"yoast-schema-graph\">{\"@context\":\"https:\/\/schema.org\",\"@graph\":[{\"@type\":\"WebSite\",\"@id\":\"https:\/\/dev.burpellet.com\/#website\",\"url\":\"https:\/\/dev.burpellet.com\/\",\"name\":\"Burpellet\",\"description\":\"Just another WordPress site\",\"potentialAction\":[{\"@type\":\"SearchAction\",\"target\":\"https:\/\/dev.burpellet.com\/?s={search_term_string}\",\"query-input\":\"required name=search_term_string\"}],\"inLanguage\":\"es\"},{\"@type\":\"WebPage\",\"@id\":\"https:\/\/dev.burpellet.com\/index.php\/certificados\/#webpage\",\"url\":\"https:\/\/dev.burpellet.com\/index.php\/certificados\/\",\"name\":\"certificados - Burpellet\",\"isPartOf\":{\"@id\":\"https:\/\/dev.burpellet.com\/#website\"},\"datePublished\":\"2021-03-10T12:48:35+00:00\",\"dateModified\":\"2022-09-12T14:15:43+00:00\",\"description\":\"Aseguramos una buena calidad de servicio. Hijos de Tom\\u00e1s Mart\\u00edn, S.L. y su marca comercial Burpellet se comprometen a la mejora continua...\",\"breadcrumb\":{\"@id\":\"https:\/\/dev.burpellet.com\/index.php\/certificados\/#breadcrumb\"},\"inLanguage\":\"es\",\"potentialAction\":[{\"@type\":\"ReadAction\",\"target\":[\"https:\/\/dev.burpellet.com\/index.php\/certificados\/\"]}]},{\"@type\":\"BreadcrumbList\",\"@id\":\"https:\/\/dev.burpellet.com\/index.php\/certificados\/#breadcrumb\",\"itemListElement\":[{\"@type\":\"ListItem\",\"position\":1,\"item\":{\"@type\":\"WebPage\",\"@id\":\"https:\/\/dev.burpellet.com\/\",\"url\":\"https:\/\/dev.burpellet.com\/\",\"name\":\"Portada\"}},{\"@type\":\"ListItem\",\"position\":2,\"item\":{\"@type\":\"WebPage\",\"@id\":\"https:\/\/dev.burpellet.com\/index.php\/certificados\/\",\"url\":\"https:\/\/dev.burpellet.com\/index.php\/certificados\/\",\"name\":\"certificados\"}}]}]}<\/script>\n<!-- \/ Yoast SEO plugin. -->","_links":{"self":[{"href":"https:\/\/dev.burpellet.com\/index.php\/wp-json\/wp\/v2\/pages\/269","targetHints":{"allow":["GET"]}}],"collection":[{"href":"https:\/\/dev.burpellet.com\/index.php\/wp-json\/wp\/v2\/pages"}],"about":[{"href":"https:\/\/dev.burpellet.com\/index.php\/wp-json\/wp\/v2\/types\/page"}],"author":[{"embeddable":true,"href":"https:\/\/dev.burpellet.com\/index.php\/wp-json\/wp\/v2\/users\/2"}],"replies":[{"embeddable":true,"href":"https:\/\/dev.burpellet.com\/index.php\/wp-json\/wp\/v2\/comments?post=269"}],"version-history":[{"count":35,"href":"https:\/\/dev.burpellet.com\/index.php\/wp-json\/wp\/v2\/pages\/269\/revisions"}],"predecessor-version":[{"id":1103,"href":"https:\/\/dev.burpellet.com\/index.php\/wp-json\/wp\/v2\/pages\/269\/revisions\/1103"}],"wp:attachment":[{"href":"https:\/\/dev.burpellet.com\/index.php\/wp-json\/wp\/v2\/media?parent=269"}],"curies":[{"name":"wp","href":"https:\/\/api.w.org\/{rel}","templated":true}]}}